{"id":395,"date":"2023-06-21T19:33:46","date_gmt":"2023-06-21T19:33:46","guid":{"rendered":"https:\/\/miqueledwards.cl\/sitio\/?page_id=395"},"modified":"2023-11-28T13:39:48","modified_gmt":"2023-11-28T13:39:48","slug":"acciones-ante-juzgados-civiles","status":"publish","type":"page","link":"https:\/\/miqueledwards.cl\/sitio\/index.php\/blog\/acciones-ante-juzgados-civiles\/","title":{"rendered":"Acciones ante Juzgados Civiles"},"content":{"rendered":"<table>\n<tbody>\n<tr>\n<td width=\"330\"><strong>\u00a0<\/strong><\/td>\n<td width=\"123\"><strong>HONORARIOS<\/strong><\/td>\n<\/tr>\n<tr>\n<td width=\"330\"><strong>Litigios civiles y comerciales.<\/strong> Juicio ordinario de diversa cuant\u00eda.<\/td>\n<td width=\"123\">20% a 30% de las resultas<\/td>\n<\/tr>\n<tr>\n<td width=\"330\"><strong>Demandas de indemnizaci\u00f3n de da\u00f1os y perjuicios. <\/strong>Responsabilidad Contractual<\/td>\n<td width=\"123\">20% a 30% de las resultas<\/td>\n<\/tr>\n<tr>\n<td width=\"330\"><strong>Demandas de indemnizaci\u00f3n de da\u00f1os y perjuicios. <\/strong>Responsabilidad extracontractual<\/td>\n<td width=\"123\">20% a 30% de las resultas<\/td>\n<\/tr>\n<tr>\n<td width=\"330\"><strong>Juicios ejecutivos <\/strong><\/td>\n<td width=\"123\">10 a 100 UF<\/td>\n<\/tr>\n<tr>\n<td width=\"330\"><strong>Cobranza judicial. <\/strong>letras de cambio, pagar\u00e9s y cheques<\/td>\n<td width=\"123\">10% a 20% de las resultas<\/td>\n<\/tr>\n<tr>\n<td width=\"330\"><strong>Juicio sumario<\/strong><\/td>\n<td width=\"123\">10 a 100 UF<\/td>\n<\/tr>\n<tr>\n<td width=\"330\"><strong>Juicios de arrendamiento<\/strong><\/td>\n<td width=\"123\">2 rentas, m\u00ednimo 20 UF<\/td>\n<\/tr>\n<tr>\n<td width=\"330\"><strong>Juicios de precario<\/strong><\/td>\n<td width=\"123\">$750.000<\/td>\n<\/tr>\n<tr>\n<td width=\"330\"><strong>Juicios de cobro de honorarios<\/strong><\/td>\n<td width=\"123\">10 a 100 UF<\/td>\n<\/tr>\n<tr>\n<td width=\"330\"><strong>Juicios de interdicci\u00f3n<\/strong><\/td>\n<td width=\"123\">10 a 100 UF<\/td>\n<\/tr>\n<tr>\n<td width=\"330\"><strong>Tercer\u00edas<\/strong> (embargos)<\/td>\n<td width=\"123\">$500.000<\/td>\n<\/tr>\n<tr>\n<td width=\"330\"><strong>Medidas prejudiciales<\/strong><\/td>\n<td width=\"123\">10 a 100 UF<\/td>\n<\/tr>\n<tr>\n<td width=\"330\"><strong>Avenimiento o transacci\u00f3n en juicio<\/strong><\/td>\n<td width=\"123\">10 a 100 UF<\/td>\n<\/tr>\n<tr>\n<td width=\"330\"><strong>Redacci\u00f3n de contratos<\/strong><\/td>\n<td width=\"123\">10 a 100 UF<\/td>\n<\/tr>\n<tr>\n<td width=\"330\"><strong>Resoluci\u00f3n y cumplimiento de contratos<\/strong><\/td>\n<td width=\"123\">10 a 100 UF<\/td>\n<\/tr>\n<tr>\n<td width=\"330\"><strong>Nulidad de contratos<\/strong><\/td>\n<td width=\"123\">10% al 25% del negocio<\/td>\n<\/tr>\n<tr>\n<td width=\"330\"><strong>Rectificaci\u00f3n de escrituras p\u00fablicas<\/strong><\/td>\n<td width=\"123\">$150.000<\/td>\n<\/tr>\n<tr>\n<td width=\"330\"><strong>Estudio de T\u00edtulos<\/strong><\/td>\n<td width=\"123\">$350.000<\/td>\n<\/tr>\n<tr>\n<td width=\"330\"><strong>Cesi\u00f3n de derechos hereditarios<\/strong><\/td>\n<td width=\"123\">$300.000<\/td>\n<\/tr>\n<tr>\n<td width=\"330\"><strong>Herencias.<\/strong> Petici\u00f3n de herencias<\/td>\n<td width=\"123\">$1.000.000 + 10% de la cuota<\/td>\n<\/tr>\n<tr>\n<td width=\"330\"><strong>Testamentos<\/strong><\/td>\n<td width=\"123\">$1.000.000<\/td>\n<\/tr>\n<tr>\n<td width=\"330\"><strong>Posesi\u00f3n efectiva. <\/strong>Testada<\/td>\n<td width=\"123\">$600.000<\/td>\n<\/tr>\n<tr>\n<td width=\"330\"><strong>Posesi\u00f3n efectiva. <\/strong>Intestada<\/td>\n<td width=\"123\">10 a 100 UF<\/td>\n<\/tr>\n<tr>\n<td width=\"330\"><strong>Muerte presunta<\/strong><\/td>\n<td width=\"123\">$1.200.000<\/td>\n<\/tr>\n<tr>\n<td width=\"330\"><strong>Recursos. <\/strong>de hecho, de reposici\u00f3n, de apelaci\u00f3n, de casaci\u00f3n, entre otros.<\/td>\n<td width=\"123\">10 a 100 UF<\/td>\n<\/tr>\n<tr>\n<td width=\"330\"><strong>Alegatos ente los tribunales superiores de justicia<\/strong><\/td>\n<td width=\"123\">10 a 100 UF<\/td>\n<\/tr>\n<tr>\n<td width=\"330\"><strong>Autorizaci\u00f3n judicial para enajenar, gravar, o dar en arrendamiento bienes del incapaz<\/strong><\/td>\n<td width=\"123\">10 a 100 UF<\/td>\n<\/tr>\n<tr>\n<td width=\"330\"><strong>Reclamo judicial<\/strong> en caso de negativa del CBR a una inscripci\u00f3n<\/td>\n<td width=\"123\">10 a 100 UF<\/td>\n<\/tr>\n<tr>\n<td width=\"330\"><strong>Procedimiento concursal<\/strong> de reorganizaci\u00f3n o liquidaci\u00f3n de empresa o persona deudora<\/td>\n<td width=\"123\">10 a 100 UF<\/td>\n<\/tr>\n<tr>\n<td width=\"330\"><strong>Acci\u00f3n anti discriminaci\u00f3n <\/strong>(acci\u00f3n de no discriminaci\u00f3n arbitraria)<\/td>\n<td width=\"123\">10 a 100 UF<\/td>\n<\/tr>\n<tr>\n<td width=\"330\"><strong>Cambio de nombre<\/strong><\/td>\n<td width=\"123\">$550.000<\/td>\n<\/tr>\n<tr>\n<td width=\"330\"><strong>Rectificaci\u00f3n de partida de nacimiento<\/strong><\/td>\n<td width=\"123\">$550.000<\/td>\n<\/tr>\n<tr>\n<td width=\"330\"><strong>Negligencias m\u00e9dicas<\/strong><\/td>\n<td width=\"123\">10% al 30% de las resultas<\/td>\n<\/tr>\n<tr>\n<td width=\"330\"><strong>Constituci\u00f3n de sociedades mercantiles<\/strong><\/td>\n<td width=\"123\">$350.000<\/td>\n<\/tr>\n<tr>\n<td width=\"330\"><strong>Gestiones no contenciosas ante tribunales<\/strong><\/td>\n<td width=\"123\">10 a 100 UF<\/td>\n<\/tr>\n<\/tbody>\n<\/table>\n","protected":false},"excerpt":{"rendered":"<p>\u00a0 HONORARIOS Litigios civiles y comerciales. Juicio ordinario de diversa cuant\u00eda. 20% a 30% de las resultas Demandas de indemnizaci\u00f3n de da\u00f1os y perjuicios. Responsabilidad Contractual 20% a 30% de las resultas Demandas de indemnizaci\u00f3n de da\u00f1os y perjuicios. Responsabilidad extracontractual 20% a 30% de las resultas Juicios ejecutivos 10 a 100 UF Cobranza judicial. [&hellip;]<\/p>\n","protected":false},"author":1,"featured_media":0,"parent":19,"menu_order":0,"comment_status":"closed","ping_status":"closed","template":"","meta":{"footnotes":""},"class_list":["post-395","page","type-page","status-publish","hentry"],"jetpack_sharing_enabled":true,"_links":{"self":[{"href":"https:\/\/miqueledwards.cl\/sitio\/index.php\/wp-json\/wp\/v2\/pages\/395","targetHints":{"allow":["GET"]}}],"collection":[{"href":"https:\/\/miqueledwards.cl\/sitio\/index.php\/wp-json\/wp\/v2\/pages"}],"about":[{"href":"https:\/\/miqueledwards.cl\/sitio\/index.php\/wp-json\/wp\/v2\/types\/page"}],"author":[{"embeddable":true,"href":"https:\/\/miqueledwards.cl\/sitio\/index.php\/wp-json\/wp\/v2\/users\/1"}],"replies":[{"embeddable":true,"href":"https:\/\/miqueledwards.cl\/sitio\/index.php\/wp-json\/wp\/v2\/comments?post=395"}],"version-history":[{"count":12,"href":"https:\/\/miqueledwards.cl\/sitio\/index.php\/wp-json\/wp\/v2\/pages\/395\/revisions"}],"predecessor-version":[{"id":606,"href":"https:\/\/miqueledwards.cl\/sitio\/index.php\/wp-json\/wp\/v2\/pages\/395\/revisions\/606"}],"up":[{"embeddable":true,"href":"https:\/\/miqueledwards.cl\/sitio\/index.php\/wp-json\/wp\/v2\/pages\/19"}],"wp:attachment":[{"href":"https:\/\/miqueledwards.cl\/sitio\/index.php\/wp-json\/wp\/v2\/media?parent=395"}],"curies":[{"name":"wp","href":"https:\/\/api.w.org\/{rel}","templated":true}]}}