{"id":464,"date":"2023-05-05T19:56:11","date_gmt":"2023-05-05T19:56:11","guid":{"rendered":"https:\/\/miqueledwards.cl\/sitio\/?page_id=464"},"modified":"2023-11-23T02:06:59","modified_gmt":"2023-11-23T02:06:59","slug":"acciones-ante-juzgados-de-policia-local","status":"publish","type":"page","link":"https:\/\/miqueledwards.cl\/sitio\/index.php\/blog\/acciones-ante-juzgados-de-policia-local\/","title":{"rendered":"Acciones ante Juzgados de Polic\u00eda Local"},"content":{"rendered":"<table>\n<tbody>\n<tr>\n<td width=\"330\"><strong>\u00a0<\/strong><\/td>\n<td width=\"123\"><a href=\"https:\/\/miqueledwards.cl\/sitio\/index.php\/honorarios\/\"><strong>HONORARIOS<\/strong><\/a><\/td>\n<\/tr>\n<tr>\n<td width=\"330\"><strong>Juicio por accidente de tr\u00e1nsito. <\/strong>Querella y demanda indemnizaci\u00f3n de perjuicios.<\/td>\n<td width=\"123\">20% a 30% de las resultas<\/td>\n<\/tr>\n<tr>\n<td width=\"330\"><strong>Demanda ejecutiva. <\/strong>Cumplimiento sentencia. Incidental<\/td>\n<td width=\"123\">10 a 100 UF<\/td>\n<\/tr>\n<tr>\n<td width=\"330\"><strong>Transacci\u00f3n. Avenimiento. Da\u00f1os en colisi\u00f3n <\/strong>(Escritura P\u00fablica)<\/td>\n<td width=\"123\">10 a 100 UF<\/td>\n<\/tr>\n<tr>\n<td width=\"330\"><strong>Demanda. Derechos del consumidor <\/strong>(Ley N\u00b019.496)<\/td>\n<td width=\"123\">10 a 100 UF<\/td>\n<\/tr>\n<tr>\n<td width=\"330\"><strong>Recursos <\/strong>(Apelaci\u00f3n, reconsideraci\u00f3n multa, reposici\u00f3n)<\/td>\n<td width=\"123\">10 a 100 UF<\/td>\n<\/tr>\n<tr>\n<td width=\"330\"><strong>Prescripci\u00f3n de multas<\/strong><\/td>\n<td width=\"123\">10 a 100 UF<\/td>\n<\/tr>\n<tr>\n<td width=\"330\"><strong>Tramitaci\u00f3n <\/strong>(devoluci\u00f3n de veh\u00edculo, devoluci\u00f3n de licencia de conducir)<\/td>\n<td width=\"123\">10 a 100 UF<\/td>\n<\/tr>\n<tr>\n<td width=\"330\"><strong>Infracciones a la ley de copropiedad inmobiliaria <\/strong>(Ley N\u00b019.537)<\/td>\n<td width=\"123\">10 a 100 UF<\/td>\n<\/tr>\n<tr>\n<td width=\"330\"><strong>Infracciones a la ley sobre discriminaci\u00f3n a discapacitados <\/strong>(Ley N\u00b019.284)<\/td>\n<td width=\"123\">10 a 100 UF<\/td>\n<\/tr>\n<tr>\n<td width=\"330\"><strong>Infracciones a la ley de tenencia responsable de mascotas <\/strong>(Ley N\u00b021.020)<\/td>\n<td width=\"123\">10 a 100 UF<\/td>\n<\/tr>\n<tr>\n<td width=\"330\"><strong>Infracciones a la ley general de urbanismo y construcciones y su ordenanza<\/strong><\/td>\n<td width=\"123\">10 a 100 UF<\/td>\n<\/tr>\n<tr>\n<td width=\"330\"><strong>Infracciones a ordenanzas, reglamentos y decretos municipales<\/strong><\/td>\n<td width=\"123\">10 a 100 UF<\/td>\n<\/tr>\n<tr>\n<td width=\"330\"><strong>Infracciones a la ley de alcoholes<\/strong> (Ley N\u00b019.925)<\/td>\n<td width=\"123\">10 a 100 UF<\/td>\n<\/tr>\n<tr>\n<td width=\"330\"><strong>Infracciones a la ley de tabaco<\/strong> <strong>y cigarrillos<\/strong> (Ley N\u00b020.660)<\/td>\n<td width=\"123\">10 a 100 UF<\/td>\n<\/tr>\n<tr>\n<td width=\"330\"><strong>Infracciones a la ley de escrutinios y votaciones <\/strong>(Ley N\u00b018.700)<\/td>\n<td width=\"123\">10 a 100 UF<\/td>\n<\/tr>\n<tr>\n<td width=\"330\"><strong>Infracciones a la ley de vigilantes privados<\/strong><\/td>\n<td width=\"123\">10 a 100 UF<\/td>\n<\/tr>\n<tr>\n<td width=\"330\"><strong>Infracciones por buses contaminantes <\/strong>(Ley N\u00b019.040)<\/td>\n<td width=\"123\">10 a 100 UF<\/td>\n<\/tr>\n<tr>\n<td width=\"330\"><strong>Infracciones a la ley de rentas municipales<\/strong> (Decreto 3.063)<\/td>\n<td width=\"123\">10 a 100 UF<\/td>\n<\/tr>\n<tr>\n<td width=\"330\"><strong>Infracciones a la ley sobre empalmes clandestinos a matrices de agua potable o alcantarillado<\/strong><\/td>\n<td width=\"123\">10 a 100 UF<\/td>\n<\/tr>\n<tr>\n<td width=\"330\"><strong>Infracciones a la Ley N\u00b018.892 respecto de la pesca deportiva<\/strong><\/td>\n<td width=\"123\">10 a 100 UF<\/td>\n<\/tr>\n<tr>\n<td width=\"330\"><strong>Infracciones a la Ley N\u00b019.470 sobre caza.<\/strong><\/td>\n<td width=\"123\">10 a 100 UF<\/td>\n<\/tr>\n<tr>\n<td width=\"330\"><strong>Infracci\u00f3n a las normas sobre divisi\u00f3n de predios r\u00fasticos<\/strong> (DL N\u00b03.516)<\/td>\n<td width=\"123\">10 a 100 UF<\/td>\n<\/tr>\n<tr>\n<td width=\"330\"><strong>Otras infracciones<\/strong><\/td>\n<td width=\"123\">10 a 100 UF<\/td>\n<\/tr>\n<\/tbody>\n<\/table>\n","protected":false},"excerpt":{"rendered":"<p>\u00a0 HONORARIOS Juicio por accidente de tr\u00e1nsito. Querella y demanda indemnizaci\u00f3n de perjuicios. 20% a 30% de las resultas Demanda ejecutiva. Cumplimiento sentencia. Incidental 10 a 100 UF Transacci\u00f3n. Avenimiento. Da\u00f1os en colisi\u00f3n (Escritura P\u00fablica) 10 a 100 UF Demanda. Derechos del consumidor (Ley N\u00b019.496) 10 a 100 UF Recursos (Apelaci\u00f3n, reconsideraci\u00f3n multa, reposici\u00f3n) 10 [&hellip;]<\/p>\n","protected":false},"author":1,"featured_media":0,"parent":19,"menu_order":0,"comment_status":"closed","ping_status":"closed","template":"","meta":{"footnotes":""},"class_list":["post-464","page","type-page","status-publish","hentry"],"jetpack_sharing_enabled":true,"_links":{"self":[{"href":"https:\/\/miqueledwards.cl\/sitio\/index.php\/wp-json\/wp\/v2\/pages\/464","targetHints":{"allow":["GET"]}}],"collection":[{"href":"https:\/\/miqueledwards.cl\/sitio\/index.php\/wp-json\/wp\/v2\/pages"}],"about":[{"href":"https:\/\/miqueledwards.cl\/sitio\/index.php\/wp-json\/wp\/v2\/types\/page"}],"author":[{"embeddable":true,"href":"https:\/\/miqueledwards.cl\/sitio\/index.php\/wp-json\/wp\/v2\/users\/1"}],"replies":[{"embeddable":true,"href":"https:\/\/miqueledwards.cl\/sitio\/index.php\/wp-json\/wp\/v2\/comments?post=464"}],"version-history":[{"count":7,"href":"https:\/\/miqueledwards.cl\/sitio\/index.php\/wp-json\/wp\/v2\/pages\/464\/revisions"}],"predecessor-version":[{"id":541,"href":"https:\/\/miqueledwards.cl\/sitio\/index.php\/wp-json\/wp\/v2\/pages\/464\/revisions\/541"}],"up":[{"embeddable":true,"href":"https:\/\/miqueledwards.cl\/sitio\/index.php\/wp-json\/wp\/v2\/pages\/19"}],"wp:attachment":[{"href":"https:\/\/miqueledwards.cl\/sitio\/index.php\/wp-json\/wp\/v2\/media?parent=464"}],"curies":[{"name":"wp","href":"https:\/\/api.w.org\/{rel}","templated":true}]}}