{"id":484,"date":"2023-11-22T18:46:56","date_gmt":"2023-11-22T18:46:56","guid":{"rendered":"https:\/\/miqueledwards.cl\/sitio\/?page_id=484"},"modified":"2023-12-01T22:00:07","modified_gmt":"2023-12-01T22:00:07","slug":"acciones-ante-juzgados-de-garantia-y-tribunales-de-juicio-oral-en-lo-penal","status":"publish","type":"page","link":"https:\/\/miqueledwards.cl\/sitio\/index.php\/blog\/acciones-ante-juzgados-de-garantia-y-tribunales-de-juicio-oral-en-lo-penal\/","title":{"rendered":"Acciones ante Juzgados de Garant\u00eda y Tribunales de Juicio Oral en lo Penal"},"content":{"rendered":"<table>\n<tbody>\n<tr>\n<td width=\"330\"><strong>\u00a0<\/strong><\/td>\n<td width=\"123\"><strong>HONORARIOS<\/strong><\/td>\n<\/tr>\n<tr>\n<td width=\"330\"><strong>Asesor\u00eda a v\u00edctimas y testigos<\/strong><\/td>\n<td width=\"123\">10 a 100 UF<\/td>\n<\/tr>\n<tr>\n<td width=\"330\"><strong>Querella penal con demanda civil de indemnizaci\u00f3n de perjuicios<\/strong><\/td>\n<td width=\"123\">20% a 30% de las resultas<\/td>\n<\/tr>\n<tr>\n<td width=\"330\"><strong>Defensa penal privada a imputados<\/strong><\/td>\n<td width=\"123\">20 a 500 UF<\/td>\n<\/tr>\n<tr>\n<td width=\"330\"><strong>Recursos de amparo y cautela de garant\u00edas constitucionales<\/strong><\/td>\n<td width=\"123\">20 a 200 UF<\/td>\n<\/tr>\n<tr>\n<td width=\"330\"><strong>Control de detenci\u00f3n, fianzas, excarcelaciones<\/strong><\/td>\n<td width=\"123\">10 a 100 UF<\/td>\n<\/tr>\n<tr>\n<td width=\"330\"><strong>Formalizaci\u00f3n, medidas cautelares, <\/strong><\/td>\n<td width=\"123\">10 a 100 UF<\/td>\n<\/tr>\n<tr>\n<td width=\"330\"><strong>Salidas alternativas<\/strong><\/td>\n<td width=\"123\">20% a 30% de las resultas<\/td>\n<\/tr>\n<tr>\n<td width=\"330\"><strong>Procedimiento abreviado<\/strong><\/td>\n<td width=\"123\">10 a 150 UF<\/td>\n<\/tr>\n<tr>\n<td width=\"330\"><strong>Procedimiento simplificado<\/strong><\/td>\n<td width=\"123\">10 a 200 UF<\/td>\n<\/tr>\n<tr>\n<td width=\"330\"><strong>Preparaci\u00f3n de juicio oral<\/strong><\/td>\n<td width=\"123\">10 a 100 UF<\/td>\n<\/tr>\n<tr>\n<td width=\"330\"><strong>Juicio oral<\/strong><\/td>\n<td width=\"123\">20 a 500 UF<\/td>\n<\/tr>\n<tr>\n<td width=\"330\"><strong>Recursos de nulidad<\/strong><\/td>\n<td width=\"123\">20 a 200 UF<\/td>\n<\/tr>\n<tr>\n<td width=\"330\"><strong>Libertad condicional<\/strong><\/td>\n<td width=\"123\"><\/td>\n<\/tr>\n<tr>\n<td width=\"330\"><strong>Eliminaci\u00f3n de antecedentes penales<\/strong><\/td>\n<td width=\"123\">10 a 100 UF<\/td>\n<\/tr>\n<tr>\n<td width=\"330\"><strong>Unificaci\u00f3n de penas<\/strong><\/td>\n<td width=\"123\">10 a 150 UF<\/td>\n<\/tr>\n<tr>\n<td width=\"330\"><strong>Penas sustitutivas <\/strong>(Ley N\u00b018.216)<\/td>\n<td width=\"123\">10 a 150 UF<\/td>\n<\/tr>\n<tr>\n<td width=\"330\"><strong>Responsabilidad penal adolescente <\/strong>(Ley N\u00b020.084)<\/td>\n<td width=\"123\">10 a 200 UF<\/td>\n<\/tr>\n<tr>\n<td width=\"330\"><strong>Tr\u00e1fico il\u00edcito de estupefacientes <\/strong>(Ley N\u00b020.000)<\/td>\n<td width=\"123\"><\/td>\n<\/tr>\n<tr>\n<td width=\"330\"><strong>Delitos econ\u00f3micos <\/strong>(Ley N\u00b021.595)<\/td>\n<td width=\"123\"><\/td>\n<\/tr>\n<tr>\n<td width=\"330\"><strong>Delitos Inform\u00e1ticos <\/strong>(nueva Ley N\u00b021.459)<\/td>\n<td width=\"123\"><\/td>\n<\/tr>\n<tr>\n<td width=\"330\"><strong>Violencia intrafamiliar constitutiva de delito <\/strong>(Ley N\u00b020.066)<\/td>\n<td width=\"123\"><\/td>\n<\/tr>\n<tr>\n<td width=\"330\"><strong>Conducci\u00f3n en estado de ebriedad<\/strong><\/td>\n<td width=\"123\"><\/td>\n<\/tr>\n<tr>\n<td width=\"330\"><strong>Cuasidelitos<\/strong><\/td>\n<td width=\"123\"><\/td>\n<\/tr>\n<tr>\n<td width=\"330\"><strong>Compliance para personas jur\u00eddicas<\/strong><\/td>\n<td width=\"123\">Previo estudio<\/td>\n<\/tr>\n<\/tbody>\n<\/table>\n","protected":false},"excerpt":{"rendered":"<p>\u00a0 HONORARIOS Asesor\u00eda a v\u00edctimas y testigos 10 a 100 UF Querella penal con demanda civil de indemnizaci\u00f3n de perjuicios 20% a 30% de las resultas Defensa penal privada a imputados 20 a 500 UF Recursos de amparo y cautela de garant\u00edas constitucionales 20 a 200 UF Control de detenci\u00f3n, fianzas, excarcelaciones 10 a 100 [&hellip;]<\/p>\n","protected":false},"author":1,"featured_media":0,"parent":19,"menu_order":0,"comment_status":"closed","ping_status":"closed","template":"","meta":{"footnotes":""},"class_list":["post-484","page","type-page","status-publish","hentry"],"jetpack_sharing_enabled":true,"_links":{"self":[{"href":"https:\/\/miqueledwards.cl\/sitio\/index.php\/wp-json\/wp\/v2\/pages\/484","targetHints":{"allow":["GET"]}}],"collection":[{"href":"https:\/\/miqueledwards.cl\/sitio\/index.php\/wp-json\/wp\/v2\/pages"}],"about":[{"href":"https:\/\/miqueledwards.cl\/sitio\/index.php\/wp-json\/wp\/v2\/types\/page"}],"author":[{"embeddable":true,"href":"https:\/\/miqueledwards.cl\/sitio\/index.php\/wp-json\/wp\/v2\/users\/1"}],"replies":[{"embeddable":true,"href":"https:\/\/miqueledwards.cl\/sitio\/index.php\/wp-json\/wp\/v2\/comments?post=484"}],"version-history":[{"count":8,"href":"https:\/\/miqueledwards.cl\/sitio\/index.php\/wp-json\/wp\/v2\/pages\/484\/revisions"}],"predecessor-version":[{"id":629,"href":"https:\/\/miqueledwards.cl\/sitio\/index.php\/wp-json\/wp\/v2\/pages\/484\/revisions\/629"}],"up":[{"embeddable":true,"href":"https:\/\/miqueledwards.cl\/sitio\/index.php\/wp-json\/wp\/v2\/pages\/19"}],"wp:attachment":[{"href":"https:\/\/miqueledwards.cl\/sitio\/index.php\/wp-json\/wp\/v2\/media?parent=484"}],"curies":[{"name":"wp","href":"https:\/\/api.w.org\/{rel}","templated":true}]}}